4
Let m(u) = 17*u**2 + 43*u - 9. Determine m(-3).
15
Let j(g) = 378*g + 6037. Determine j(-16).
-11
Let l(h) = -3*h**2 + 659*h + 2009. Give l(-3).
5
Let f(s) = s**2 + 113*s - 722. Give f(6).
-8
Let x(t) = 5*t + 222. Calculate x(-26).
92
Let z(p) = p**3 - 8*p**2 - 232*p + 1733. Determine z(7).
60
Let c(g) = 52*g**3 - g**2 - g - 9. Give c(-2).
-427
Let w(x) = 91*x + 871. Give w(-10).
-39
Let j(r) = 10*r**2 - 315*r + 143. Give j(32).
303
Let c(k) = -235*k - 11. Determine c(-1).
224
Let c(i) = -4*i**2 - 418*i + 210. What is c(-105)?
0
Let i(q) = 32*q - 3368. Give i(93).
-392
Let h(o) = o**2 + 227*o + 1750. What is h(-8)?
-2
Let x(a) = 396*a - 4722. Give x(12).
30
Let u(a) = 2*a**2 - 49*a - 39. What is u(24)?
-63
Let h(i) = i**3 - 67*i**2 + 68*i - 144. What is h(66)?
-12
Let t(p) = 6*p**3 - 11*p**2 + 48*p - 38. Give t(2).
62
Let r(g) = -g**3 + 18*g**2 - 36*g - 365. Give r(13).
12
Let d(b) = -b**3 + 23*b**2 + 68*b - 2276. Give d(21).
34
Let q(a) = -a**3 + 50*a**2 - 47*a - 180. What is q(49)?
-82
Let x(u) = -251*u + 3. Determine x(0).
3
Let x(z) = 2*z**3 - 81*z**2 - 46*z + 16. Determine x(41).
-189
Let l(r) = -r**2 + 13*r + 73. Determine l(14).
59
Let g(a) = -33*a + 447. Determine g(14).
-15
Let j(a) = 104*a**2 + 684*a + 20. Calculate j(-7).
328
Let f(z) = 560*z - 629. Give f(1).
-69
Let i(m) = m**2 - 195*m - 29115. Determine i(-99).
-9
Let w(s) = -s**2 + 169*s + 3578. Calculate w(188).
6
Let x(w) = -65*w**2 + 690*w + 275. Calculate x(11).
0
Let y(h) = 36*h + 4435. What is y(-124)?
-29
Let k(w) = -w**2 + 76*w - 1412. What is k(38)?
32
Let g(c) = -56*c**2 + 720*c + 84. Give g(13).
-20
Let j(s) = 331*s + 3962. Calculate j(-12).
-10
Let d(k) = -2*k**2 + 13*k + 1624. Calculate d(32).
-8
Let l(w) = -2*w**3 + 11*w**2 + 19*w + 171. Determine l(8).
3
Let r(y) = -71*y + 9523. Determine r(134).
9
Let j(q) = q**2 + 41*q + 313. Give j(-31).
3
Let l(o) = -o**3 - 179*o**2 - 6955*o - 47. Determine l(-57).
10
Let d(m) = -m**3 + 26*m**2 + 38*m - 410. Determine d(27).
-113
Let b(i) = -29*i + 19. Give b(0).
19
Let f(g) = 2*g**3 + g**2 - 9*g + 230. What is f(0)?
230
Let r(p) = 56*p + 34. Determine r(-4).
-190
Let h(w) = 949*w - 14219. Determine h(15).
16
Let l(h) = 54*h - 43. Determine l(3).
119
Let m(q) = -5300*q - 47722. Calculate m(-9).
-22
Let l(v) = -354*v - 9935. Determine l(-28).
-23
Let m(t) = 188*t + 4492. Determine m(-24).
-20
Let c(m) = -28*m - 347. What is c(-30)?
493
Let m(h) = h**3 + 42*h**2 - 183*h + 43. Give m(-46).
-3
Let a(u) = 3*u**2 + 94*u + 203. Determine a(-29).
0
Let x(f) = -167*f + 3179. Determine x(19).
6
Let v(o) = -o**3 + 85*o**2 + 177*o - 272. Determine v(87).
-11
Let u(d) = 333*d - 2920. Calculate u(9).
77
Let d(o) = 3*o**3 - 4*o**2 - 15*o + 15. Calculate d(3).
15
Let k(b) = b**3 + 15*b**2 + 28*b - 197. Calculate k(-11).
-21
Let b(v) = 15*v**3 + 26*v**2 + 60*v + 36. What is b(-1)?
-13
Let r(n) = -446*n**2 + 2208*n + 1. What is r(5)?
-109
Let r(v) = -40*v**3 + 1080*v**2 + 2*v - 56. Give r(27).
-2
Let j(t) = -5053*t - 25255. Determine j(-5).
10
Let k(j) = -j**3 - 10*j**2 + 31*j + 75. Determine k(-12).
-9
Let b(o) = 201*o - 7830. Give b(39).
9
Let l(w) = w**3 - 68*w - 111. Determine l(9).
6
Let d(j) = 2*j**3 + 84*j**2 + 4*j + 363. Give d(-42).
195
Let c(d) = 114*d + 1264. Determine c(-11).
10
Let b(o) = -o**3 - 44*o**2 - 22*o - 154. Give b(-44).
814
Let p(g) = -9*g**2 - 1666*g + 6613. Calculate p(-189).
-2
Let r(b) = -76*b - 5237. Give r(-69).
7
Let n(y) = 3*y**3 + 16*y**2 + 10*y - 14. Give n(-4).
10
Let w(z) = -549*z**2 + 9887*z - 96. What is w(18)?
-6
Let c(o) = -2717*o - 8161. Give c(-3).
-10
Let b(p) = 2*p**2 - 28*p + 60. Give b(21).
354
Let w(y) = -y**2 + 1974*y + 3. Determine w(0).
3
Let q(d) = -d**2 - 16*d - 49. Calculate q(-11).
6
Let c(g) = g**2 - 114*g + 2819. Calculate c(78).
11
Let h(f) = 3*f**3 - 15*f**2 - 17*f + 47. Calculate h(5).
-38
Let w(f) = -5*f**2 + 198*f + 75. What is w(40)?
-5
Let k(t) = -8*t - 213. Determine k(-3).
-189
Let c(l) = l**2 + 62*l + 1076. What is c(-28)?
124
Let c(b) = -17*b**2 + 100*b + 129. Determine c(7).
-4
Let q(d) = 1428*d**2 + 19*d + 2. What is q(1)?
1449
Let w(d) = -15*d**2 + 111*d + 19. What is w(8)?
-53
Let a(b) = b**3 - 78*b**2 - 75*b - 309. Calculate a(79).
7
Let b(y) = 2*y**2 + 19*y - 116. Give b(7).
115
Let j(w) = -50*w - 12732. Determine j(-255).
18
Let x(d) = -4*d + 199. What is x(49)?
3
Let m(g) = 76*g**2 + 771*g + 101. Determine m(-10).
-9
Let g(p) = 464*p - 935. Determine g(2).
-7
Let f(u) = 390*u - 2722. Calculate f(7).
8
Let a(m) = m**3 + 6*m**2 - 18*m - 138. Give a(-6).
-30
Let x(n) = -n**3 - 14*n**2 - 38*n + 20. Determine x(-8).
-60
Let y(d) = -71*d - 2845. Calculate y(-40).
-5
Let b(u) = u**3 + 76*u**2 - 247*u - 2. Give b(3).
-32
Let z(v) = -5*v**2 + 35*v + 226. What is z(11)?
6
Let q(p) = p**3 + 10*p**2 + 40*p + 124. What is q(-7)?
-9
Let k(p) = 27*p - 985. Calculate k(34).
-67
Let y(w) = w**3 - 11*w**2 - 5*w + 35. Calculate y(11).
-20
Let u(s) = s**2 - 21*s - 123. Give u(26).
7
Let x(f) = -2*f**2 - 88*f - 843. Give x(-30).
-3
Let w(c) = -2*c**3 + 49*c**2 - 250*c + 28. What is w(7)?
-7
Let t(m) = 62*m - 323. Determine t(6).
49
Let f(p) = -4*p + 232. Give f(47).
44
Let o(u) = -u**3 + 4*u**2 - u - 14. Determine o(6).
-92
Let f(s) = 9*s**2 + 115*s - 2. Calculate f(-13).
24
Let z(c) = -c**2 - 891*c + 24791. What is z(27)?
5
Let z(m) = -m**3 + 14*m**2 + 31*m - 54. Calculate z(-3).
6
Let z(y) = -y**2 + 65*y - 631. Give z(9).
-127
Let w(u) = -u**3 + 24*u**2 + 2*u - 27. Determine w(24).
21
Let t(u) = -u**3 + 6*u**2 + 132*u - 19. Give t(-9).
8
Let s(i) = 26*i**3 - 30*i**2 + 6*i - 5. What is s(1)?
-3
Let v(t) = -t**3 - 60*t**2 - 639*t + 243. Give v(-46).
13
Let t(d) = -5*d**2 + 40*d - 63. What is t(3)?
12
Let i(l) = 476*l - 26655. Determine i(56).
1
Let h(t) = t**3 + 48*t**2 - t - 69. Determine h(-48).
-21
Let l(b) = -3*b**2 - 223*b + 1451. Determine l(6).
5
Let t(o) = 12*o - 15. Give t(1).
-3
Let y(g) = -2*g**2 + 274*g + 2332. Give y(145).
12
Let s(x) = x**3 - 7*x**2 + 2*x - 57. Calculate s(7).
-43
Let k(v) = -v**3 + 37*v**2 + 73*v + 201. Give k(39).
6
Let y(t) = 253*t - 1515. What is y(6)?
3
Let k(t) = -3*t**2 + 151*t + 308. Calculate k(-2).
-6
Let m(d) = d**3 - 73*d**2 - 152*d + 96. Determine m(75).
-54
Let p(q) = 270*q - 3651. Calculate p(13).
-141
Let l(r) = -2*r**3 + 6*r**2 - 39*r + 6. Determine l(5).
-289
Let p(z) = 8*z - 172. What is p(-37)?
-468
Let w(i) = i**2 - 42*i - 90. Calculate w(44).
-2
Let j(w) = -276*w + 5790. Calculate j(21).
-6
Let x(m) = m**2 - 140*m - 1830. Determine x(-12).
-6
Let d(j) = -22*j - 177. Calculate d(-8).
-1
Let r(q) = -11*q + 105. Give r(7).
28
Let f(b) = 8*b**2 + 37*b - 126. What is f(-7)?
7
Let h(c) = -2*c**2 + 70*c - 551. Determine h(14).
37
Let t(u) = -113*u + 1622. Determine t(15).
-73
Let y(k) = -734*k - 3658. Determine y(-5).
12
Let d(q) = -q**3 + 118*q**2 + 863*q - 6. Give d(-7).
78
Let f(k) = -k**3 + 6*k**2 + 8*k - 50. Calculate f(4).
14
Let o(q) = -5873*q - 11727. Give o(-2).
19
Let s(l) = l**2 - 3657*l - 29327. Determine s(-8).
-7
Let k(h) = h**3 + 107*h**2 - 1690*h - 52. Determine k(14).
4
Let y(d) = 2*d**3 + 4*d**2 + 23*d + 21. What is y(0)?
21
Let x(f) = f**2 - 78*f + 441. What is x(72)?
9
Let c(f) = 23*f**2 - 228*f + 46. Determine c(10).
66
Let p(m) = 2644*m - 26449. Calculate p(10).
-9
Let s(z) = 2*z**2 - 246*z - 2375. Determine s(-9).
1
Let q(t) = 3*t**2 + 90*t - 43. What is q(-30)?
-43
Let z(s) = 83*s + 361. Give z(-4).
29
Let l(a) = a**3 - a**2 - 133*a + 535. Give l(5).
-30
Let j(z) = -3*z**2 - 240*z - 4766. Give j(-37).
7
Let u(c) = c**3 + c**2 - 17*c - 23. Calculate u(-4).
-3
Let y(w) = 28*w**2 - 40*w - 42. Determine y(-1).
26
Let g(h) = -169*h - 6. What is g(0)?
-6
Let g(h) = -h**3 - 24*h**2 + 28*h + 107. Give g(-25).
32
Let z(n) = -23*n - 73. Give z(-6).
65
Let g(v) = -v**3 + 20*v**2 - 31*v - 63. What is g(18)?
27
Let a(c) = -c**2 + 34*c + 399. Calculate a(-10).
-41
Let s(k) = k**3 + 53*k**2 - 52*k + 137. Give s(-54).
29
Let d(n) = 30*n - 89. Calculate d(-24).
-809
Let t(s) = s**3 + 55*s**2 + 44*s - 544. Determine t(-54).
-4
Let w(c) = 5*c**2 - 96*c + 282. Give w(16).
26
Let n(h) = 2*h**2 - 24*h - 15. Calculate n(-10).
425
Let v(r) = -r**3 + 31*r**2 - 4*r + 127. Determine v(31).
3
Let p(s) = -s**3 + 53*s**2 + 232*s - 236. Determine